{"id":412,"date":"2022-02-07T17:39:05","date_gmt":"2022-02-07T16:39:05","guid":{"rendered":"https:\/\/concept-et-flamme.com\/boutique\/?post_type=product&#038;p=412"},"modified":"2022-03-03T18:30:32","modified_gmt":"2022-03-03T17:30:32","slug":"cocoon-pedestal-inox","status":"publish","type":"product","link":"https:\/\/concept-et-flamme.com\/boutique\/produit\/cocoon-pedestal-inox\/","title":{"rendered":"Cocoon Pedestal &#8211; Inox"},"content":{"rendered":"","protected":false},"excerpt":{"rendered":"<p>Solution pour les appartements sans conduit<br \/>\n<strong>Couleur inox<\/strong><br \/>\nCaract\u00e9ristiques<br \/>\nPoids : 25 kg<br \/>\nDimensions : 60 \u00d7 60 \u00d7 74 cm<br \/>\nGenre : Chemin\u00e9e, Po\u00eale<br \/>\nTechnologie flamme : Br\u00fbleur bio-\u00e9thanol m\u00e9canique<br \/>\nR\u00e9glage de la flamme : Oui<br \/>\nCouleurs : Acier inoxydable Marine 316<br \/>\nCouleur pied : Acier inoxydable Marine 316<br \/>\nAutonomie : 5h<br \/>\nCapacit\u00e9 : 1,5l<br \/>\nPuissance : 2,5 KW<br \/>\nEnvironnement : Int\u00e9rieur<br \/>\nGarantie 2 ans<br \/>\nOption possible pour transformation sur pied centrale ou suspendue*<\/p>\n","protected":false},"featured_media":396,"template":"","meta":{"_et_pb_use_builder":"","_et_pb_old_content":"","_et_gb_content_width":""},"product_brand":[],"product_cat":[31],"product_tag":[],"class_list":{"0":"post-412","1":"product","2":"type-product","3":"status-publish","4":"has-post-thumbnail","6":"product_cat-cocoon-fires","8":"first","9":"onbackorder","10":"taxable","11":"shipping-taxable","12":"purchasable","13":"product-type-simple"},"_links":{"self":[{"href":"https:\/\/concept-et-flamme.com\/boutique\/wp-json\/wp\/v2\/product\/412","targetHints":{"allow":["GET"]}}],"collection":[{"href":"https:\/\/concept-et-flamme.com\/boutique\/wp-json\/wp\/v2\/product"}],"about":[{"href":"https:\/\/concept-et-flamme.com\/boutique\/wp-json\/wp\/v2\/types\/product"}],"wp:featuredmedia":[{"embeddable":true,"href":"https:\/\/concept-et-flamme.com\/boutique\/wp-json\/wp\/v2\/media\/396"}],"wp:attachment":[{"href":"https:\/\/concept-et-flamme.com\/boutique\/wp-json\/wp\/v2\/media?parent=412"}],"wp:term":[{"taxonomy":"product_brand","embeddable":true,"href":"https:\/\/concept-et-flamme.com\/boutique\/wp-json\/wp\/v2\/product_brand?post=412"},{"taxonomy":"product_cat","embeddable":true,"href":"https:\/\/concept-et-flamme.com\/boutique\/wp-json\/wp\/v2\/product_cat?post=412"},{"taxonomy":"product_tag","embeddable":true,"href":"https:\/\/concept-et-flamme.com\/boutique\/wp-json\/wp\/v2\/product_tag?post=412"}],"curies":[{"name":"wp","href":"https:\/\/api.w.org\/{rel}","templated":true}]}}

<p>Solution pour les appartements sans conduit<br />
<strong>Couleur inox</strong><br />
Caractéristiques<br />
Poids : 25 kg<br />
Dimensions : 60 × 60 × 74 cm<br />
Genre : Cheminée, Poêle<br />
Technologie flamme : Brûleur bio-éthanol mécanique<br />
Réglage de la flamme : Oui<br />
Couleurs : Acier inoxydable Marine 316<br />
Couleur pied : Acier inoxydable Marine 316<br />
Autonomie : 5h<br />
Capacité : 1,5l<br />
Puissance : 2,5 KW<br />
Environnement : Intérieur<br />
Garantie 2 ans<br />
Option possible pour transformation sur pied centrale ou suspendue*</p>
