{"id":407,"date":"2022-02-07T17:16:45","date_gmt":"2022-02-07T16:16:45","guid":{"rendered":"https:\/\/concept-et-flamme.com\/boutique\/?post_type=product&#038;p=407"},"modified":"2022-03-03T18:30:54","modified_gmt":"2022-03-03T17:30:54","slug":"cocoon-aeris-acier-inoxydable-marine-316","status":"publish","type":"product","link":"https:\/\/concept-et-flamme.com\/boutique\/produit\/cocoon-aeris-acier-inoxydable-marine-316\/","title":{"rendered":"Cocoon Aeris &#8211; Acier inoxydable Marine 316"},"content":{"rendered":"","protected":false},"excerpt":{"rendered":"<p>Solution possible pour les appartements sans conduit.<br \/>\nCouleur acier inoxydable Marine 316<br \/>\n<strong>Caract\u00e9ristiques<\/strong><br \/>\nPoids : 25 kg<br \/>\nDimensions\u00a0:\u00a0 60 \u00d7 60 x 38 cm<br \/>\n<strong>Rotation\u00a0: Oui<\/strong><br \/>\nTechnologie flamme\u00a0: Br\u00fbleur bio-\u00e9thanol m\u00e9canique<br \/>\nR\u00e9glage de la flamme\u00a0: Oui<br \/>\nCouleurs\u00a0: Acier inoxydable Marine 316, Noir mat<br \/>\nAutonomie\u00a0: 5h<br \/>\nCapacit\u00e9\u00a0: 1,5l<br \/>\nPuissance\u00a0: 2,5 KW<br \/>\nEnvironnement\u00a0: Int\u00e9rieur<br \/>\nInstallation\u00a0: A fixer au plafond<br \/>\nGarantie\u00a0: 2 ans<br \/>\n<strong>Mod\u00e8le d\u2019angle possible<\/strong><br \/>\nOption possible pour transformation sur pied et rallonge*<br \/>\n<strong>Tarif mod\u00e8le d\u2019angle : 3575.00\u20ac TTC<br \/>\n<\/strong><em>* Contacter le revendeur pour plus d\u2019informations<\/em><\/p>\n","protected":false},"featured_media":402,"template":"","meta":{"_et_pb_use_builder":"","_et_pb_old_content":"","_et_gb_content_width":""},"product_brand":[],"product_cat":[31],"product_tag":[],"class_list":{"0":"post-407","1":"product","2":"type-product","3":"status-publish","4":"has-post-thumbnail","6":"product_cat-cocoon-fires","8":"first","9":"onbackorder","10":"taxable","11":"shipping-taxable","12":"purchasable","13":"product-type-simple"},"_links":{"self":[{"href":"https:\/\/concept-et-flamme.com\/boutique\/wp-json\/wp\/v2\/product\/407","targetHints":{"allow":["GET"]}}],"collection":[{"href":"https:\/\/concept-et-flamme.com\/boutique\/wp-json\/wp\/v2\/product"}],"about":[{"href":"https:\/\/concept-et-flamme.com\/boutique\/wp-json\/wp\/v2\/types\/product"}],"wp:featuredmedia":[{"embeddable":true,"href":"https:\/\/concept-et-flamme.com\/boutique\/wp-json\/wp\/v2\/media\/402"}],"wp:attachment":[{"href":"https:\/\/concept-et-flamme.com\/boutique\/wp-json\/wp\/v2\/media?parent=407"}],"wp:term":[{"taxonomy":"product_brand","embeddable":true,"href":"https:\/\/concept-et-flamme.com\/boutique\/wp-json\/wp\/v2\/product_brand?post=407"},{"taxonomy":"product_cat","embeddable":true,"href":"https:\/\/concept-et-flamme.com\/boutique\/wp-json\/wp\/v2\/product_cat?post=407"},{"taxonomy":"product_tag","embeddable":true,"href":"https:\/\/concept-et-flamme.com\/boutique\/wp-json\/wp\/v2\/product_tag?post=407"}],"curies":[{"name":"wp","href":"https:\/\/api.w.org\/{rel}","templated":true}]}}

<p>Solution possible pour les appartements sans conduit.<br />
Couleur acier inoxydable Marine 316<br />
<strong>Caractéristiques</strong><br />
Poids : 25 kg<br />
Dimensions :  60 × 60 x 38 cm<br />
<strong>Rotation : Oui</strong><br />
Technologie flamme : Brûleur bio-éthanol mécanique<br />
Réglage de la flamme : Oui<br />
Couleurs : Acier inoxydable Marine 316, Noir mat<br />
Autonomie : 5h<br />
Capacité : 1,5l<br />
Puissance : 2,5 KW<br />
Environnement : Intérieur<br />
Installation : A fixer au plafond<br />
Garantie : 2 ans<br />
<strong>Modèle d’angle possible</strong><br />
Option possible pour transformation sur pied et rallonge*<br />
<strong>Tarif modèle d’angle : 3575.00€ TTC<br />
</strong><em>* Contacter le revendeur pour plus d’informations</em></p>
