{"id":164,"date":"2021-07-26T21:26:35","date_gmt":"2021-07-26T19:26:35","guid":{"rendered":"https:\/\/concept-et-flamme.com\/boutique\/?post_type=product&#038;p=164"},"modified":"2024-02-13T14:33:01","modified_gmt":"2024-02-13T13:33:01","slug":"brasero-plancha-ofyr-storage-corten-pro-100","status":"publish","type":"product","link":"https:\/\/concept-et-flamme.com\/boutique\/produit\/brasero-plancha-ofyr-storage-corten-pro-100\/","title":{"rendered":"Bras\u00e9ro plancha Ofyr Storage Corten Pro 100"},"content":{"rendered":"<p><strong>Caract\u00e9ristiques<\/strong><br \/>\nGaranties : Anneau en acier et socle: 5 ans; vasque: 3 ans<br \/>\nOrigine : Pays-Bas<br \/>\nNombre de convives : 12 et +<br \/>\nSurface de cuisson : 5891 cm\u00b2 (\u00d8 100cm)<br \/>\nCombustible recommand\u00e9 : Bois<br \/>\nType de plaque : Plaque acier<br \/>\nMat\u00e9riau de la cuve : Acier corten<br \/>\nDiam\u00e8tre en cm : 100<br \/>\nLargeur en cm : Socle : 65<br \/>\nProfondeur en cm : Socle : 65<br \/>\nHauteur en cm : 101<br \/>\nPoids : 124 kg<br \/>\nNombre de personnes requises au montage : 2<\/p>\n","protected":false},"excerpt":{"rendered":"<p>Les Bras\u00e9ro OFYR se caract\u00e9risent par 3 mots : simplicit\u00e9, convivialit\u00e9 et design<br \/>\nD\u2019aspect sobre et design, les OFYR se d\u00e9clinent en 2 couleurs : Acier Corten et Acier noir.<br \/>\nBras\u00e9ro, plancha et barbecue, le OFYR vous offre un produit 3 en 1. Con\u00e7u pour rester en ext\u00e9rieur, vous pourrez en profiter en \u00e9t\u00e9 comme en hiver.<br \/>\nDot\u00e9 de roues, vous pourrez d\u00e9placer votre OFYR partout o\u00f9 vous le souhaitez.<\/p>\n<p>La plancha vous propose une large surface de cuisson pour tous vos aliments (viandes, poisson, fromages, chamallows \u2026)<br \/>\nLes Bras\u00e9ros OFYR vous r\u00e9unissent et cr\u00e9ent un esprit de convivialit\u00e9. Rien de mieux pour vous retrouver autour du feu et cr\u00e9er un esprit cocooning.<\/p>\n<p>Le <strong>barbecue classique de la marque OFYR<\/strong>, associ\u00e9 \u00e0 un porte b\u00fbche. Pour un d\u00e9placement ais\u00e9 dans vos diff\u00e9rentes espaces, l&rsquo;ensemble est install\u00e9 sur des roulettes de haute qualit\u00e9, une poign\u00e9e avec une bonne prise en mains facilite \u00e9galement les d\u00e9placements de ce barbecue haut de gamme. Ce magnifique ensemble peut-\u00eatre install\u00e9 aussi bien \u00e0 l&rsquo;ext\u00e9rieur qu&rsquo;\u00e0 l&rsquo;int\u00e9rieur. Destin\u00e9 aux <strong>particuliers, comme aux <\/strong><b>professionnels, <\/b>ce syst\u00e8me de cuisson original \u00e9merveillera vos convives ou vos clients.<\/p>\n","protected":false},"featured_media":166,"template":"","meta":{"_et_pb_use_builder":"off","_et_pb_old_content":"La <strong>barbecue classique de la marque OFYR<\/strong>, ce barbecue haut de gamme convient aux environnements <strong>particuliers<\/strong> et <strong>professionnels<\/strong>. OFYR Classic est un magnifique objet design en acier Corten.\r\nUne fois allumer ce magnifique barbecue transforme votre \u00e9v\u00e8nement en une occasion extraordinaire !\r\nDiam\u00e8tre de la plaque de cuisson 85 cm.\r\nDimensions totales 85 x 85 X 103 cm\r\nDimensions du socle 45 X 45 X 78 cm\r\nPoids Total 84 kg","_et_gb_content_width":""},"product_brand":[],"product_cat":[20],"product_tag":[],"class_list":{"0":"post-164","1":"product","2":"type-product","3":"status-publish","4":"has-post-thumbnail","6":"product_cat-barbecue","8":"first","9":"onbackorder","10":"taxable","11":"shipping-taxable","12":"purchasable","13":"product-type-simple"},"_links":{"self":[{"href":"https:\/\/concept-et-flamme.com\/boutique\/wp-json\/wp\/v2\/product\/164","targetHints":{"allow":["GET"]}}],"collection":[{"href":"https:\/\/concept-et-flamme.com\/boutique\/wp-json\/wp\/v2\/product"}],"about":[{"href":"https:\/\/concept-et-flamme.com\/boutique\/wp-json\/wp\/v2\/types\/product"}],"wp:featuredmedia":[{"embeddable":true,"href":"https:\/\/concept-et-flamme.com\/boutique\/wp-json\/wp\/v2\/media\/166"}],"wp:attachment":[{"href":"https:\/\/concept-et-flamme.com\/boutique\/wp-json\/wp\/v2\/media?parent=164"}],"wp:term":[{"taxonomy":"product_brand","embeddable":true,"href":"https:\/\/concept-et-flamme.com\/boutique\/wp-json\/wp\/v2\/product_brand?post=164"},{"taxonomy":"product_cat","embeddable":true,"href":"https:\/\/concept-et-flamme.com\/boutique\/wp-json\/wp\/v2\/product_cat?post=164"},{"taxonomy":"product_tag","embeddable":true,"href":"https:\/\/concept-et-flamme.com\/boutique\/wp-json\/wp\/v2\/product_tag?post=164"}],"curies":[{"name":"wp","href":"https:\/\/api.w.org\/{rel}","templated":true}]}}